base 7, what is -5502 - 1?
-5503
In base 6, what is -4 + -1203?
-1211
In base 4, what is -113 - -312?
133
In base 6, what is 1 + -443?
-442
In base 13, what is 126 - 0?
126
In base 13, what is -9 - -6?
-3
In base 5, what is 11 + -121?
-110
In base 7, what is 41 - 21?
20
In base 10, what is 19 + -495?
-476
In base 11, what is -1a + -8?
-27
In base 5, what is -10123 - -2?
-10121
In base 13, what is 123 - 20?
103
In base 9, what is 1 + 14?
15
In base 8, what is 3 - 7?
-4
In base 5, what is -2 - -13322?
13320
In base 15, what is -c + 5b?
4e
In base 15, what is 6 - 13?
-c
In base 2, what is -1101111 - -10110111?
1001000
In base 8, what is -11 - -1173?
1162
In base 16, what is 315 - 0?
315
In base 14, what is 66 - -d?
75
In base 3, what is 121211222 + -11?
121211211
In base 9, what is 72778 + 5?
72784
In base 13, what is 0 + -336?
-336
In base 9, what is 53 + -50?
3
In base 11, what is 5 - 390?
-386
In base 12, what is -1 - -110?
10b
In base 16, what is 2 + 1aa?
1ac
In base 2, what is 10 + 1?
11
In base 15, what is -a - 6?
-11
In base 6, what is 4 + -5?
-1
In base 9, what is 7 - -58?
66
In base 5, what is 244 + 12?
311
In base 2, what is -1 - -101111?
101110
In base 7, what is -105 - 20?
-125
In base 16, what is 3 - -46?
49
In base 2, what is 11010 - 1?
11001
In base 7, what is -3 + -2?
-5
In base 4, what is 1 + -1020?
-1013
In base 16, what is -7d0 - 4?
-7d4
In base 4, what is -103 - 12?
-121
In base 5, what is -142 + -42?
-234
In base 9, what is 6 + -13?
-6
In base 7, what is -3435 - -12?
-3423
In base 16, what is -3d - 2d?
-6a
In base 13, what is -11 - 60?
-71
In base 6, what is 3 - -2314?
2321
In base 6, what is -350 - 2?
-352
In base 14, what is 20 + 5b?
7b
In base 3, what is -1 + 1210122?
1210121
In base 2, what is -100 - 1000110?
-1001010
In base 9, what is 171 - 5?
165
In base 7, what is -1 - 3?
-4
In base 11, what is -32 + 5?
-28
In base 5, what is 3 - 14244?
-14241
In base 15, what is -ecb + -5?
-ed1
In base 15, what is 3 - 12b?
-128
In base 12, what is 5 - -180?
185
In base 8, what is 73 - 1?
72
In base 13, what is 3b5 + -1?
3b4
In base 10, what is -6 + -77?
-83
In base 10, what is 5 + 42?
47
In base 10, what is -117 + 1?
-116
In base 13, what is -14a + 3?
-147
In base 10, what is -35528 - 2?
-35530
In base 15, what is 166 - -2d?
194
In base 6, what is -1351 - -2?
-1345
In base 7, what is 64 + -36?
25
In base 4, what is 311 - 10?
301
In base 10, what is 372 - 9?
363
In base 16, what is 1 - d3?
-d2
In base 9, what is 7 - 3?
4
In base 5, what is 23221 + -2?
23214
In base 4, what is -12 + -3?
-21
In base 12, what is -104 + 3?
-101
In base 6, what is 5 + 2324?
2333
In base 11, what is -4 + -6?
-a
In base 2, what is -101 - 10101001?
-10101110
In base 4, what is -1021123 + 11?
-1021112
In base 13, what is -4784 + 3?
-4781
In base 4, what is 0 + 11311?
11311
In base 16, what is 0 - -17?
17
In base 5, what is -13424 - 1?
-13430
In base 6, what is 3 - -341?
344
In base 5, what is -202011 + -3?
-202014
In base 13, what is 1 - 1925?
-1924
In base 14, what is -17 - 0?
-17
In base 2, what is -101 - -11011?
10110
In base 11, what is 20 - 6?
15
In base 10, what is 2871 - -3?
2874
In base 2, what is 1000101000 - 1001?
1000011111
In base 9, what is 20 + -205?
-175
In base 5, what is -112244 + 1?
-112243
In base 15, what is 111 + -4?
10c
In base 14, what is -5 - 14?
-19
In base 5, what is 3 + 12401?
12404
In base 7, what is 2 + -10?
-5
In base 9, what is 744 - -11?
755
In base 8, what is -113 + 1?
-112
In base 2, what is -1 - 100100101?
-100100110
In base 9, what is -2800 - 11?
-2811
In base 7, what is 16 - 304?
-255
In base 6, what is -5 - 420?
-425
In base 13, what is 33 + -67?
-34
In base 7, what is -6013 + -3?
-6016
In base 8, what is 65 - 7?
56
In base 2, what is -10 + 10011111110?
10011111100
In base 9, what is -463 - -8?
-454
In base 6, what is -4 + 501?
453
In base 5, what is -10 + 24?
14
In base 11, what is 1 - -50?
51
In base 13, what is -7 - -2b?
24
In base 5, what is -2 - 120023?
-120030
In base 14, what is -1 - d5?
-d6
In base 6, what is 1 - 141?
-140
In base 6, what is 405214 + -1?
405213
In base 13, what is -5 - 338?
-340
In base 4, what is 12 - 10?
2
In base 3, what is 100 + 212011?
212111
In base 3, what is 20002221 + -10?
20002211
In base 3, what is -120011 + -11?
-120022
In base 12, what is 57 + 10?
67
In base 13, what is -b + 164?
156
In base 7, what is 12 - 65?
-53
In base 4, what is 1113 - -100?
1213
In base 9, what is 10 - -385?
405
In base 2, what is 1101011011110 - 1?
1101011011101
In base 7, what is -1520 + -1?
-1521
In base 8, what is -7 + 352?
343
In base 12, what is 6 + 31?
37
In base 3, what is -200010 + 102?
-122201
In base 3, what is 10 - -1010212?
1010222
In base 6, what is 10 - -4?
14
In base 5, what is 14 - 11?
3
In base 5, what is -120 - 1?
-121
In base 16, what is -52 + -5?
-57
In base 13, what is 54 - 124?
-a0
In base 15, what is 1 + 312?
313
In base 5, what is 2 + 232?
234
In base 6, what is -5 + 105?
100
In base 11, what is 40 - 5?
36
In base 12, what is 4 - -3?
7
In base 6, what is 1 + 4012?
4013
In base 3, what is 102 - -2012?
2121
In base 5, what is -10 + -1100?
-1110
In base 10, what is -1 + -30?
-31
In base 10, what is -48 + -4?
-52
In base 9, what is 113 + 8?
122
In base 5, what is -10 + -100?
-110
In base 4, what is 10231 + -1?
10230
In base 16, what is 0 + e0?
e0
In base 3, what is -10110000 + 12?
-10102211
In base 10, what is -1 - -879?
878
In base 7, what is -12 - -1453?
1441
In base 2, what is -110001000 + -11?
-110001011
In base 13, what is 2c6b + 3?
2c71
In base 6, what is 32 + -1020?
-544
In base 9, what is -175 - 5?
-181
In base 3, what is 1 - 201211?
-201210
In base 10, what is 412 + -4?
408
In base 3, what is -2211120 - -12?
-2211101
In base 15, what is -137 - 1c?
-154
In base 4, what is -3332 + 10?
-3322
In base 15, what is 3 - -24?
27
In base 8, what is -20163 + 4?
-20157
In base 13, what is -7 - -130?
126
In base 7, what is -2 + -1?
-3
In base 9, what is 3 - -417?
421
In base 7, what is 31 + 12?
43
In base 9, what is 2 + -5308?
-5306
In base 10, what is -22 - -6?
-16
In base 7, what is 4616 - 4?
4612
In base 7, what is -124 + 106?
-15
In base 10, what is -1148 + 0?
-1148
In base 11, what is 478 - a?
469
In base 2, what is -11000011110110 + 1?
-11000011110101
In base 15, what is -5 - -26?
21
In base 7, what is -3633 + 1?
-3632
In base 4, what is -132 + 10?
-122
In base 5, what is 2132 + 1?
2133
In base 12, what is 253 + -1?
252
In base 14, what is -9 + 602?
5d7
In base 7, what is 0 - 63?
-63
In base 7, what is -623 - -2?
-621
In base 14, what is 6 + 43?
49
In base 15, what is a + -1e?
-14
In base 13, what is 7 + a?
14
In base 10, what is -8 - -30?
22
In base 14, what is -59 - -97?
3c
In base 5, what is 10 - 1033?
-1023
In base 3, what is -101102212 + -12?
-101110001
In base 7, what is -223 + -5?
-231
In base 12, what is 59 + 28?
85
In base 14, what is 14 + 6bb?
6d1
In base 13, what is 3 + -182?
-17c
In base 5, what is -2212 - -40?
-2122
In base 10, what is -1 + 104?
103
In base 3, what is 10121212 - 12?
10121200
In base 13, what is -c - -37?
28
In base 13, what is 0 + 87a?
87a
In base 9, what is 3 - 438?
-435
In base 12, what is 4 - 8?
-4
In base 5, what is 4 - 41?
-32
In base 10, what is 173 - -2?
175
In base 7, what is -3 - -134?
131
In base 12, what is 67 + 1?
68
In base 4, what is 1231 - -11?
1302
In base 8, what is 172 + -5?
165
In base 6, what is -302 + 34?
-224
In base 6, what is 4 + 221?
225
In base 9, what is -340 - -4?
-335
In base 14, what is -36 + 6?
-30
In base 5, what is -2 - 11?
-13
In base 3, what is -111 + 122?
11
In base 5, what is 1331 - -4?
1340
In base 15, what is -4d9 + 4?
-4d5
In base 14, what is d - bd?
-b0
In base 2, what is -111 + -111?
-1110
In base 2, what is 1000010 + 111001?
1111011
In base 14, what is -1ac4 - 1?
-1ac5
In base 7, what is 4 + 411?
415
In base 2, what is 1100100 + -11?
1100001
In base 6, what is -35254 + 5?
-35245
In base 8, what is -5 + 23?
16
In base 5, what is -20231 - 10?
-20241
In base 8, what is -3531 + -6?
-3537
In base 16, what is aa66 - 2?
aa64
In base 4, what is 22 + 131?
213
In base 6, what is 20124 - 5?
20115
In base 5, what is -3314 + -12?
-3331
In base 14, what is 375 + a?
381
In base 8, what is 22 - -36?
60
In base 6, what is 0 - -123